site number?
True
Suppose 2*x = 2 + 6. Suppose x*d = 2*p - 6, -14 = 4*d - 5*p + 1. Let q(c) = c + 37. Is q(d) a composite number?
False
Let p(j) = 223*j - 5. Let k be p(-5). Let s be 1/3 - k/6. Suppose -495 + s = -4*q. Is q composite?
True
Suppose -4*t + 20 = t. Let b(i) = -5*i**3 + 5*i**2 - i + 1. Let n(p) = -p**3. Let y(k) = b(k) - 4*n(k). Is y(t) a prime number?
True
Let g(s) = -2*s**3 + 4*s**2 + 2*s - 3. Let t be g(4). Let r = -38 - t. Is r composite?
True
Let a = 24 + -14. Is a a composite number?
True
Let k = 551 + -266. Is (-2)/(k/(-93) + 3) a prime number?
True
Let o be ((-6)/5)/(20/(-50)). Suppose -834 = -o*m - 3*m. Is m a prime number?
True
Let i(t) = 26*t + 11. Let q be i(8). Suppose -5*s + 166 = -q. Is s composite?
True
Let s(g) = -g**3 + 13*g**2 + 33*g - 12. Is s(14) a composite number?
True
Suppose -3*c = -3, 3*g + 0*c = -5*c + 5. Suppose 2*b - 3 - 203 = g. Is b prime?
True
Let p be (42/(-4))/(4/8). Let d = -2 - p. Is d a prime number?
True
Let g be (1 + -1)*(-4)/8. Suppose 2*j - 72 + 10 = g. Is j prime?
True
Suppose 2*c - 3 = 2*y + 3*y, -5*y - 36 = c. Let r = -8 - c. Suppose -u + 14 = b, -5 = -r*b - 2. Is u a prime number?
True
Suppose -3*c = 8 - 26. Let j = 73 + c. Is j a composite number?
False
Let l(y) = 64*y**3 + y. Let n be l(1). Suppose -6*i = -3*i + 84. Let r = i + n. Is r a prime number?
True
Let q(f) = f**2 - 12*f - 6. Let v(i) = i**2 - 11*i - 6. Let y(c) = -6*q(c) + 7*v(c). Let l be y(6). Suppose l*j + 98 = 2*j. Is j a prime number?
False
Let s = 2 - 1. Let l(k) = -7*k**3 - k**2 + 8*k**3 - 2*k**2 + 4*k - s. Is l(4) a composite number?
False
Is (-121820)/(-90) + 12/27 a composite number?
True
Is (-9)/18 + (-2838)/(-4) composite?
False
Let h = 33 - 37. Let p(k) be the second derivative of -k**5/20 - k**4/4 - 5*k**3/6 - k**2/2 - k. Is p(h) a composite number?
True
Suppose -7*c + 343 - 126 = 0. Is c a composite number?
False
Let i(d) = d**2 + d - 2. Let x be i(-2). Is (x - -223) + 0/1 a composite number?
False
Let v be 6*1*(1 + 0). Let z(g) = g**2 + 3*g - 3. Let i be z(v). Suppose -i + 12 = -3*s. Is s a prime number?
True
Let d = 23 + -16. Let z = d + -7. Suppose -2*y = 5*c - 817, 3*y + z*y + 160 = c. Is c a prime number?
True
Suppose 4*q - 3*q = -258. Is (q/(-9))/(8/12) a composite number?
False
Let f be -1*1 - (-17 - -9). Let h = f - 3. Is h a composite number?
True
Suppose 0 = -0*q - q + 24. Is (12/q)/((-2)/(-60)) composite?
True
Let w(v) = -7*v**2 - v. Let a be w(-1). Is (a/(-7))/((-5)/(-35)) prime?
False
Suppose -4*m - 3*w + 1169 = 0, -2*m - 5*w + 269 = -312. Is m a composite number?
False
Let s(g) be the second derivative of -1/6*g**3 + 7/2*g**2 + 0 + 2*g. Is s(4) prime?
True
Let r = -5 - -11. Let j be (1 - -58)/(7 - r). Let a = -4 + j. Is a composite?
True
Suppose -2*p + 5*p - 153 = 0. Is p prime?
False
Suppose 4*h + k + 181 = 6*k, 0 = h - 5*k + 49. Is (-1162)/(-22) + (-8)/h composite?
False
Suppose -5*j + 647 = 3*i, j + 4*i = -73 + 216. Is j composite?
False
Let v(h) = h**2 - 12*h + 15. Let n(c) = -c**2 - 6*c + 6. Let p be n(-5). Is v(p) composite?
True
Suppose -4 = -5*n + 4*j, -2*n + 7 = -4*j + 3. Let u be (n - 1)/1 + 27. Let l = u + -11. Is l composite?
True
Suppose -8*p = -5*p - 555. Is p composite?
True
Let m(n) = 198*n - 11. Is m(3) composite?
True
Let p = 55 + 14. Is p a prime number?
False
Suppose 2*b + 2 = b - 4*j, b + 2*j = 2. Is 13/2 + 3/b a prime number?
True
Let s(y) = 6*y**2 + y + 7 + y**2 - 4*y**2 + 2*y**2. Let a be s(8). Suppose 4*v = -v + a. Is v prime?
True
Suppose 2*q = 4*q - 8. Let c be q/(-6) - (-11)/3. Suppose -c*m + 55 = -2*m. Is m a composite number?
True
Let f = 47 + 6. Is f composite?
False
Let r(b) = 54*b + 3. Let n be r(3). Suppose -6*v + n = -v. Is v prime?
False
Is ((-11)/(-33))/(2/3894) a composite number?
True
Let s(j) = -j + 3*j + 5*j. Let n = -2 - -3. Is s(n) a composite number?
False
Suppose -3*h = 2*h - 3*r - 919, 0 = 2*h - 5*r - 360. Is h prime?
False
Suppose 0 = -5*g + 2*o + 7 - 2, 2*g + 5*o = 31. Suppose g*z + 2355 = 8*z. Is z composite?
True
Let u be 7/(-14) - (-22)/4. Suppose -p + 15 = 4*p. Suppose -u*w - i = -0*w - 774, p*w - i = 466. Is w a prime number?
False
Suppose 4*z - 150 = 2*z. Suppose -3*a + 0*a = -z. Is a prime?
False
Let m be 6 - 6/3*-1. Let h = m + -7. Is h/(-2)*1*-22 composite?
False
Let n(g) = g**2 + g + 3. Let f = 5 + -1. Is n(f) a prime number?
True
Let k be (-1 - 1)*(-1)/(-1). Let m be k/(-6)*(-2 + 11). Suppose 0 = -3*w + 5*y + 6 + 14, -m*w + 3*y + 24 = 0. Is w a prime number?
False
Let d = -3635 - -8128. Is d a prime number?
True
Let r(l) = 3 - 2*l - 4*l - 2*l. Is r(-6) composite?
True
Is -4 + (8725 - (3 + (-3 - -4))) composite?
True
Suppose 4*l = -2*f - 8, f + 0*f + 16 = -5*l. Let t be ((-56)/(-6))/(f/(-42)). Let s = t + 225. Is s prime?
True
Let f(m) = -59*m**3 + 5*m + 7. Is f(-2) composite?
True
Is (1 + -12 + 1)*2587/(-26) prime?
False
Let y = 2 - -13. Suppose y = 5*f - 0*f. Suppose 2*u = f + 35. Is u composite?
False
Suppose 2*f - 20 = -4*r, 4*r - 5*f - 4 = 2. Suppose 25 = 5*q, -2*h + r = -q + 1. Let a(c) = 23*c - 1. Is a(h) a composite number?
True
Suppose 4*w = -5*f + 11, 2 = 3*w + 5. Suppose 0 = -5*z + f*z + 12. Let n = 5 + z. Is n a composite number?
False
Let m(r) = 327*r + 3. Let v be m(2). Is v/5 + (-2)/5 a prime number?
True
Let k = 1453 - -876. Is k prime?
False
Suppose 5 = -k + 96. Is k a composite number?
True
Let a(h) = 8*h**2 + 6*h + 4. Let q(t) = -7*t**2 - 5*t - 3. Let p(d) = -4*a(d) - 5*q(d). Let g be 1/(-3) + 14/6. Is p(g) prime?
True
Let m be (0 - 0)/((-6)/(-6)). Is (23 - 1 - 0) + m a composite number?
True
Suppose -6*b = -4*b + 6. Let d be b + 3 - -1 - 1. Suppose d = -4*y - 6 + 42. Is y a composite number?
True
Suppose -d - 38 = b, -2*b = 5*d + 24 + 37. Let z = 97 + -21. Let u = b + z. Is u a composite number?
True
Suppose -1307 = -9*h - 272. Is h composite?
True
Let g = -25 + 39. Suppose 3 = -2*q + 3*q. Suppose 0 = -f + g - q. Is f a prime number?
True
Suppose -2*d - 2*j - 48 = -3*d, -3*d + 146 = -4*j. Let z be -1 - -2 - 1*-3. Suppose z*s - d = -s. Is s composite?
True
Suppose -3*p = 3*x + 2*x - 49, 0 = -3*x + 15. Let c(a) = 0*a**2 - 4*a - a**2 + 22*a - 9 + 8. Is c(p) a composite number?
False
Let f(t) = t**3 - 20*t**2 + 26*t - 24. Is f(19) a prime number?
True
Let j = -409 + 716. Is j a prime number?
True
Suppose q - 27 - 115 = 0. Suppose -3*k - h = k - 201, -3*k + h + q = 0. Is k prime?
False
Let a(b) = -b**2 + 5*b - 1. Let x be a(2). Let n(h) = 2*h + 3. Let p be n(5). Suppose -2*y + t = -y - p, -5 = -x*t. Is y a prime number?
False
Suppose -r = -3*r + 1768. Suppose q + 4*q = -3*m + r, 4 = 4*q. Is m a composite number?
False
Let z = 2 - -1. Suppose j = -z*u + 2, j + j = -2*u + 8. Is u*2*(-14)/4 composite?
False
Let y(s) be the first derivative of s + 1/2*s**2 + 2 + 31/3*s**3. Is y(-1) composite?
False
Let q be 19/2*8/(-4). Let n be q/((0 + 1)*-1). Let a = n - -48. Is a a composite number?
False
Suppose 0 = -5*h - 2 + 17. Is 78 + (h/(-3) - -2) a prime number?
True
Let q(r) = -r**3 - 4*r**2 + 2. Let d be q(5). Is (-2)/6 + d/(-3) prime?
False
Suppose 5*l + 3*b - 10 = -2*b, 2 = b. Suppose 0 = -q + 3*i + 94, l = q + 4*q - 4*i - 415. Is q a prime number?
True
Let d(h) = -953*h**3 + 1. Let m be d(-1). Suppose 0 = -5*r - 79 + m. Let v = r - 84. Is v prime?
False
Is 6784/30 + 6/135*-3 a composite number?
True
Suppose -2*f + 897 = f. Is f a prime number?
False
Let u be -1 + 0 + -1 + 8. Let n = u - 5. Is (-179)/(1/(-1))*n a composite number?
False
Suppose 0 = -u - 8 + 3, 0 = -4*f + u + 217. Is f composite?
False
Let x(t) = t**2 - 4*t - 3. Let l be (-37)/(-4) - 6/(-8). Is x(l) a prime number?
False
Suppose 3*y + 8*z = 3*z + 2660, y + 5*z - 880 = 0. Suppose 2*k + 3*k - y = 0. Is k a composite number?
True
Suppose 0 - 32 = -4*k. Suppose k = 5*f - 2. Is (4 - f) + 65*1 composite?
False
Let x(f) = 68*f + 25. Is x(18) composite?
False
Let w = 11 - 9. Is 3 + (w - 5) + 287 prime?
False
Let j = 391 - -318. Is j a prime number?
True
Suppose -3*n + o - 281 + 1503 = 0, 3*o + 410 = n. Is n a prime number?
False
Let r(w) = 8*w + 1. Let p be r(-3). Let t = -10 - p. Is t prime?
True
Let n be (-12 - 0)*(-8 - -5). Suppose 3*t - 2*w = 72, -2*w + 63 = 3*t - 7*w. Suppose 2*k - n = t. Is k prime?
True
Let q = 0 - -1. Is 191/((1 + 0)/q) a composite number?
False